{"id":40,"date":"2017-11-22T21:27:42","date_gmt":"2017-11-22T20:27:42","guid":{"rendered":"http:\/\/crypto-formations.com\/?page_id=40"},"modified":"2025-01-23T21:25:17","modified_gmt":"2025-01-23T20:25:17","slug":"crypto-formations","status":"publish","type":"page","link":"https:\/\/crypto-formations.com\/index.php\/crypto-formations\/","title":{"rendered":"Formations"},"content":{"rendered":"<h1><strong>FONCTIONNEMENT DE LA TECHNOLOGIE BLOCKCHAIN, DES CRYPTOMONNAIES (BITCOIN, ETHEREUM\u2026) ET LES ENJEUX ASSOCIES.<\/strong><\/h1>\n<hr \/>\n<p><strong>CE QUE VOUS ALLEZ APPRENDRE<\/strong><\/p>\n<p>\u00c0 la fin de cette formation, vous saurez :<\/p>\n<ul>\n<li>Comprendre les principes de <strong>fonctionnement d\u2018une cryptomonnaie<\/strong>.<\/li>\n<li>Identifier les <strong>enjeux de la blockchain<\/strong> et les<strong> secteurs d\u2019activit\u00e9s<\/strong>.<\/li>\n<li>Conna\u00eetre le <strong>contexte juridique<\/strong> technologies blockchain.<\/li>\n<li>D\u00e9couvrir et \u00e9tudier les \u00ab <strong>smart-contracts<\/strong> \u00bb.<\/li>\n<li>Apprendre \u00e0 <strong>acqu\u00e9rir<\/strong> et \u00e0 <strong>g\u00e9rer<\/strong> <strong>des cryptomonnaies<\/strong>.<br \/>\n<hr \/>\n<\/li>\n<\/ul>\n<p><strong>MODULES<\/strong><\/p>\n<ul>\n<li>Principe de fonctionnement d\u2019une cryptomonnaie, exemple du bitcoin.<\/li>\n<li>Les enjeux de la blockchain.<\/li>\n<li>D\u00e9couvrir d\u2019autres cryptomonnaies.<br \/>\n<hr \/>\n<\/li>\n<\/ul>\n<p><strong>EXEMPLES TRAVAUX PRATIQUES (n\u00e9cessite un ordinateur ayant acc\u00e8s \u00e0 internet)<\/strong><\/p>\n<ul>\n<li>D\u00e9couvrir des places de march\u00e9<\/li>\n<li>Notion de Marketcap<\/li>\n<li>Principe de la blockchain<\/li>\n<li>Explorer la blockchain bitcoin<\/li>\n<li>Miner du bitcoin<\/li>\n<li>Installer un portefeuille<\/li>\n<li>R\u00e9aliser un paper wallet<\/li>\n<li>D\u00e9couvrir la blockchain Ethereum<br \/>\n<hr \/>\n<\/li>\n<\/ul>\n<p style=\"text-align: center;\"><b>DUR\u00c9E<\/b><\/p>\n<p style=\"text-align: center;\">1h30 &#8211; 2h &#8211; 1\/2 journ\u00e9e &#8211; 1 journ\u00e9e &#8211; 3 journ\u00e9es<\/p>\n<hr \/>\n<p style=\"text-align: center;\"><strong>CONTACT<\/strong><\/p>\n<p style=\"text-align: center;\"><a href=\"mailto:contact@crypto-formations.com\">contact(a)crypto-formations.com<\/a><\/p>\n<hr \/>\n<p><strong>FORMATIONS &amp; INSCRIPTION<\/strong><\/p>\n<p style=\"text-align: left;\"><strong>1 journ\u00e9e :<\/strong> D\u00e9couvrir le fonctionnement de la technologie blockchain et des cryptomonnaies.<\/p>\n<p><strong>3 journ\u00e9es :<\/strong> Comprendre le fonctionnement de la technologie blockchain et des cryptomonnaies et les enjeux associ\u00e9s<\/p>\n<ul>\n<li><strong><span style=\"color: #ff0000;\">Formation Premium<\/span> dans votre \u00e9tablissement (1 pers.)\u00a0 :<\/strong><br \/>\n1 journ\u00e9e : Accompagnement individuel<br \/>\n3 journ\u00e9es : Accompagnement individuel<\/li>\n<li><strong><span style=\"color: #ff0000;\">Formation Premium<\/span> en ligne (1 pers.)\u00a0 :<\/strong><br \/>\n2h : D\u00e9couverte de la blockchain et des cryptomonnaies<br \/>\n1\/2 journ\u00e9e\u00a0 \/ 1 journ\u00e9e \/ 3 journ\u00e9es : Accompagnement individuel<\/li>\n<\/ul>\n<ul>\n<li><strong><span style=\"color: #339966;\">Formation en Groupe<\/span> dans votre \u00e9tablissement :<\/strong><br \/>\n1h30 \/ 2h : Conf\u00e9rence \u00ab\u00a0D\u00e9couverte de la blockchain et des cryptomonnaies\u00a0\u00bb<br \/>\n1\/2 journ\u00e9e \/ 1 journ\u00e9e \/ 3 journ\u00e9es<\/li>\n<li><strong><span style=\"color: #339966;\">Formation en Groupe<\/span> \u00e0 l&rsquo;ext\u00e9rieur (Lieu \u00e0 d\u00e9finir) :<\/strong><br \/>\n1h30 \/ 2h : Conf\u00e9rence \u00ab\u00a0D\u00e9couverte de la blockchain et des cryptomonnaies\u00a0\u00bb<br \/>\n1\/2 journ\u00e9e \/ 1 journ\u00e9e \/ 3 journ\u00e9es<\/li>\n<\/ul>\n<p style=\"text-align: center;\"><a href=\"mailto:contact@crypto-formations.com\"><strong>TARIFS sur devis<\/strong><\/a><\/p>\n<p style=\"text-align: center;\"><a style=\"font-size: 1rem; color: #000000;\" href=\"http:\/\/crypto-formations.com\/index.php\/brochures-de-formations\/\" target=\"_blank\" rel=\"noopener noreferrer\">Brochure de formation<\/a><\/p>\n","protected":false},"excerpt":{"rendered":"<p>FONCTIONNEMENT DE LA TECHNOLOGIE BLOCKCHAIN, DES CRYPTOMONNAIES (BITCOIN, ETHEREUM\u2026) ET LES ENJEUX ASSOCIES. CE QUE VOUS ALLEZ APPRENDRE \u00c0 la fin de cette formation, vous saurez : Comprendre les principes de fonctionnement d\u2018une cryptomonnaie. Identifier les enjeux de la blockchain et les secteurs d\u2019activit\u00e9s. Conna\u00eetre le contexte juridique technologies blockchain. D\u00e9couvrir et \u00e9tudier les \u00ab &hellip; <\/p>\n<p class=\"link-more\"><a href=\"https:\/\/crypto-formations.com\/index.php\/crypto-formations\/\" class=\"more-link\">Continuer la lecture<span class=\"screen-reader-text\"> de &laquo;&nbsp;Formations&nbsp;&raquo;<\/span><\/a><\/p>\n","protected":false},"author":1,"featured_media":115,"parent":0,"menu_order":0,"comment_status":"closed","ping_status":"closed","template":"","meta":{"footnotes":""},"class_list":["post-40","page","type-page","status-publish","has-post-thumbnail","hentry"],"_links":{"self":[{"href":"https:\/\/crypto-formations.com\/index.php\/wp-json\/wp\/v2\/pages\/40","targetHints":{"allow":["GET"]}}],"collection":[{"href":"https:\/\/crypto-formations.com\/index.php\/wp-json\/wp\/v2\/pages"}],"about":[{"href":"https:\/\/crypto-formations.com\/index.php\/wp-json\/wp\/v2\/types\/page"}],"author":[{"embeddable":true,"href":"https:\/\/crypto-formations.com\/index.php\/wp-json\/wp\/v2\/users\/1"}],"replies":[{"embeddable":true,"href":"https:\/\/crypto-formations.com\/index.php\/wp-json\/wp\/v2\/comments?post=40"}],"version-history":[{"count":40,"href":"https:\/\/crypto-formations.com\/index.php\/wp-json\/wp\/v2\/pages\/40\/revisions"}],"predecessor-version":[{"id":612,"href":"https:\/\/crypto-formations.com\/index.php\/wp-json\/wp\/v2\/pages\/40\/revisions\/612"}],"wp:featuredmedia":[{"embeddable":true,"href":"https:\/\/crypto-formations.com\/index.php\/wp-json\/wp\/v2\/media\/115"}],"wp:attachment":[{"href":"https:\/\/crypto-formations.com\/index.php\/wp-json\/wp\/v2\/media?parent=40"}],"curies":[{"name":"wp","href":"https:\/\/api.w.org\/{rel}","templated":true}]}}